-69 + (19 - 27) + -42.
-138
What is 0 - 5 - ((-67 + 37 - -2) + 7)?
16
Evaluate -9 - 173 - (-180 + 86).
-88
What is 23 - (29 - 38) - 17 - 36?
-21
What is the value of 8 + -17 + 2 - ((2 - -19) + (88 - 85))?
-31
-16 + (24 + 2 - 8) + (10 - 24)
-12
(54 - 99) + -2 - -16
-31
What is the value of -123 - (-24 - (-15 + -3 - -8) - 1)?
-108
What is 100 + (48 - 101) + -41?
6
40 - ((-16 + (-14 - -31) - -4) + -18)
53
Calculate -6 + (24 - -2) + -17 + -3 + 27.
27
Evaluate (65 - 70 - (95 + -13)) + 27.
-60
-3 + (0 - 4) - 100
-107
Evaluate (-8 - (-29 - -6) - 3) + -5.
7
What is the value of 64 + (10 - 25 - -19)?
68
Calculate 35 - (125 + -27 + -169).
106
What is 2 - ((-6 + 3 + 2 - -1) + -388 + 390)?
0
-27 - (23 - -9 - (85 + -55))
-29
What is (3 - 1) + (14 + -7 - -11) + 63 + -52?
31
What is (-1 - 3) + 41 + 859 + -903?
-7
Calculate (7 - (-54 - -114)) + 17.
-36
What is -65 - (-179 + (53 - -29))?
32
Evaluate 19065 - 19174 - (-117 + 0).
8
What is -19 + (-9 - 22) + 8 - -22?
-20
(23 - 17) + (-6 - -20 - 6 - 7)
7
-372 - -360 - (4 + -82)
66
Evaluate 8 + (-6 - (9 + -16 - (-1 - -8))).
16
(17 - -5) + -35 - (-85 + -6 + -2)
80
Calculate (-9 - (13 + 5 + -32) - (13 - -2)) + -33.
-43
(94 - (14 + 2 + -1 + 7 + -36)) + -12
96
What is -4 + 18 + 13 + (-30 - (10 - 34))?
21
Calculate (-42 - -2) + 3936 + -3939.
-43
Evaluate (-21 + 9 - -34) + -10 + 1 + 21.
34
What is 32 - (-87 - -40 - -62)?
17
What is the value of (185 - 231) + -1 + 9?
-38
What is 40 + (-75 - (1 + -35 + 41))?
-42
Calculate 4 - -1 - (21 - (-8 + (-11 - -62 - -13))).
40
Calculate (129 - 245) + (-11 - -94).
-33
Evaluate (6 + 4 + -88 - 5) + (42 - 43) + -5.
-89
-9 + -2 + (4 + 20 - 52)
-39
Evaluate 1 + 70 + (3 + -32 - -2 - (-1 + -13)).
58
(15 + -21 - -23) + -13 + 110
114
-2711 + 2641 + (1 - -37)
-32
Evaluate (186 - (216 - 107)) + 38.
115
What is -518 + 532 + (0 - -26)?
40
0 + (0 - -3) - (-48 + (78 - -2))
-29
Calculate -79 + (4 + 9 - -14).
-52
What is the value of 98 + (-229 - -8) + 18?
-105
What is 106 + 2 + (3358 - 3456)?
10
What is -7 + (-1 - 2 - 20 - (86 + -103))?
-13
Calculate (-21 - (-4 + -6 + 4 - 6)) + -21.
-30
What is the value of (7 - (-8 - (-17 - -9))) + (62 - 45)?
24
-27 - (-194 + 68 + 44)
55
What is the value of 7 - (-1 + -9 + (4 - (-25 + 10)) + -14)?
12
What is the value of 83 + 7 + (57 + -47 - (1 - -16 - -3))?
80
1 + (10 - 32) + 20 - 41
-42
What is (2 + -5 - 8) + (-51 + 16 - (-93 + -10))?
57
What is 29 - ((119 - 1) + 358 + -368)?
-79
Evaluate 59 - ((7 + -11 + 11 - 4) + -13) - -4.
73
-125 - (-23 + 60) - -83
-79
What is -1 - (-15 - (11 - ((2 - 13) + 16)) - -6)?
14
What is the value of 5 - (21 - 36 - (24 - 3))?
41
Evaluate -37 + 42 + (33 - 53) + (-3 - -3).
-15
Calculate (-72 - -42 - (2 - 20)) + 18.
6
What is (-5 - 85) + -866 + 1002?
46
Calculate (-13 - -3) + 2 + (16 - -20 - -24).
52
What is -17 + 8 - (2838 - 2820)?
-27
Calculate 62 + 146 + -167 + 2 + -122.
-79
Calculate (49 - 118) + -82 + 94.
-57
41 + -1 + (63 - 42)
61
What is the value of -125 + 178 + 69 - 170?
-48
What is the value of (-7 - -72 - 46) + -19?
0
What is the value of 2 + -50 + -33 - -3?
-78
Calculate (0 - (1 - 0)) + (-210 - -110) + 49.
-52
What is -9 - (-37 + -11 - -25)?
14
Calculate 1 + -18 + 19 + (19 - 62) - (-1 + -8).
-32
Calculate (41 + -24 + -11 - -2) + -15.
-7
Evaluate 29 + 15 + -37 + 59.
66
Evaluate (-7 - 53 - -103) + -14.
29
What is the value of 1 + (8 - -16) + (-33 - -55)?
47
Calculate -30 + (120 - 93) - (-4 - -1 - (49 + 1)).
50
What is the value of -12 - ((9 - -1) + -1 + 2 - (651 - 631))?
-3
(67 - (62 + -51)) + -56
0
Calculate -166 + (-5 - -64 - -30).
-77
Evaluate 15 + -1 + -1 - (-11 - (-75 - -33)).
-18
What is the value of (-79 - -28) + 36 - (2 + -36)?
19
Evaluate (-4 + -5 - 4) + 183 + -174 + 48.
44
Calculate 2 + -23 + (-5 - -56 - -17).
47
Calculate -39 + (6 - -2 - (-56 + 61) - (-1 + 4)).
-39
What is 399 - 430 - (8 + 7)?
-46
0 + -19 + 24 + -80
-75
What is the value of (-73 - -35) + (0 - (14 - -8))?
-60
What is the value of (15 - (9 - 28)) + (-24 - (-52 - -9))?
53
-5998 + 5943 - (-18 + 1 + 0)
-38
Calculate -32 + (-2 + -12 - -16) + 19 - -34.
23
(18 - (8 + -1 + 34)) + -10 + 1
-32
Evaluate (-33 - (-29 + -3)) + 5.
4
What is the value of (-3 - (-29 - 1)) + -13?
14
-16 - (-49 + 81 + -5)
-43
(-19 - (-54 - -14 - -9)) + (-6 + 1 - 104)
-97
What is the value of 19 + 1 - (-5 + 24 + -19)?
20
Evaluate (-15 - (2 - 0) - (-19 + 33 - 24)) + 7.
0
What is 25 + -29 - (9 - (34 + (9 - 6)))?
24
What is the value of 36 - (90 - (-47 + 96))?
-5
What is the value of 249 - 266 - (1 - (79 - -1))?
62
What is 18 - (-12 + 58 - -20) - -16?
-32
-63586 + 63545 - (-11 - (2 - 4))
-32
Evaluate -148 + 183 + (0 - 3) + (-2 - -3).
33
(35 - (10 + 37 - 12)) + (0 - 1 - -15)
14
Evaluate (-82 - 3 - (31 - (-48 - -59))) + 9.
-96
What is (138 - 50 - 224) + 63?
-73
Calculate -81 + 76 + 5 + -42 - (5 - 15).
-32
(1 - 5) + -43 + 160 + -43 + 9
79
What is the value of (8 - (10 - -20)) + 27 + -20?
-15
-54 + 98 + -203 + 50
-109
What is 12 + (-8 - (20 - 35)) - -5?
24
What is -67 + (-31 - -93) + (7 + -2 - -2) + -48?
-46
67 + -55 + (-26 - 1)
-15
What is 68 + -10 - 147 - -34?
-55
Evaluate 6 + (-22 + 1 - -29) + -1 + 0 + 5.
18
Evaluate 670 + -647 + 10 + 1 - -33.
67
What is the value of 18 - (5 + -38 - -57)?
-6
What is the value of (11 + -1 + 7 - 11) + 23?
29
Calculate -22 - (-107 + 8) - (-13 + 5).
85
-136 + 20 + -9 + 34 + -25
-116
Calculate -62 + -4 - (3875 - 3864).
-77
Evaluate 46 + -136 + 164 + (-22 - -4).
56
11 - (5 + -8) - (-88 + 10 + 4 + -4)
92
What is (-18 + 11 - -3) + -24 + 31?
3
What is the value of -6 + (-4 - (-9 + 18))?
-19
Evaluate (-4 + 10 - 36 - -11) + 34.
15
What is the value of 24 + 4 + -40 + (8 - 7) + 54 + 10?
53
(-106 - -188 - 72) + (-1 - (-1 + 1))
9
Evaluate 15 - (-12 + (-21 - -21) + 0).
27
Evaluate (-7 - 14 - -19) + (-13 - -1) + -8 + 126.
104
What is the value of 61 + -53 + (-31 - -43)?
20
What is 23 + -39 - (-1 + -5 - (-26 - (-15 + -11)))?
-10
(-1 - 6) + (-16 - (-53 - (10 + -8)))
32
Calculate 27 + (-32 - -29) + -65.
-41
Calculate 124 + 58 + -169 + 27 + (3 - 1 - 1).
41
-1 - (-38 - (-19 - (1 - 6)))
23
What is (26 - -21 - 19) + -46?
-18
What is the value of 1420 + -1427 - (0 - -18)?
-25
What is -72 - -24 - -30 - 43?
-61
What is (1 - (5 - -21)) + -24?
-49
Calculate (4 - 71 - 6) + -4 - (42 - 26).
-93
-4 - (-42 - (9 + -2)) - (76 + -81)
50
38 + (11 - -3) + -47 - 25
-20
16 + -39 + 9 - -42
28
6 + -7 + 17 + -18 + -8 + 4
-6
What is 93 + -125 + -2 - -42?
8
What is the value of -14 + (2 + 0 - -3) + (-469 - -478)?
0
Evaluate 1 + 3 + (163 - 86) - (29 - 14).
66
What is the value of (-114 + 13 - (10 + -18)) + -67 + 55?
-105
Evaluate 6 + (-7 - (-7 + 11)) + 4 - -126 - -13.
138
Evaluate -13 + (27 + -21 + 0 - (6 - 8)).
-5
What is the value of 81 + (-65 - (65 + -26))?
-23
What is the value of -50 - (28 - (-1 + -12 - (-25 + 10) - -14))?
-62
Evaluate -1 + 7 - (-17 + -4 + 15).
12
What is the value of -25 - 65 - -25 - -86?
21
Calculate 0 - 8 - (29 + -8 + -26 + 0 + -1).
-2
What is the value of -2 - -23 - (121 + -309 + 120)?
89
What is (-25 - 0 - (-193 - -179)) + -1 + 4 + 76?
68
Evaluate (-1 - 3 - (-26 + 29)) + 42 - (8 - -1).
26
19 - (-44 + (-22 + 45 - 4))
44
Evaluate -93 - (56 + -154 + 9).
-4
Evaluate 11 + -17 + 13 + 9.
16
Evaluate (2 - (-33 + 5)) + 3 + -21 + -1.
11
Calculate 46 + -1 + -46 + 23 + -138.
-116
(35 - (21 + -26)) + -24 + (-42 - 7)
-33
Calculate (55 - 64) + -69 + 47.
-31
What is the value of 74 + -72 - (-725 + 839 - ((7 - 1) + 0))?
-106
What is the value of -18 + (-18 - -12 - -3) + 2?
-19
Evaluate 6 + -1 + 41 + (11 + -16 - -6).
47
What is 53 - (-31 - (6 + -18)) - 35?
37
(1399 - 1454) + (37 - -1)
-17
Calculate 30 + (-42 - (-8 + -5)).
1
Calculate -432 - -384 - (0 + -35).
-13
(-1 - -18) + (-32 - -109) + -64
30
Evaluate -10 + 1 - (-4 - (88 - 97)) - -107.
93
What is the value of -77 + (-6 - (22 + -58)) - (1 - 0)?
-48
33 - (29 + 66) - -73
11
-6 + 0 + (4 - (-2 + 11 + (-3 - 7)))
-1
What is the value of -15 + 16 + (-5 + 22 - (7 - -1 - 1))?
11
Evaluate 9 - 0 - (-23 + 49 + -25).
8
Calculate 17 + 3 + -3 + (-30 - -12).
-1
Evaluate (2 - 2) + -91 - (-18 + -74 - -79).
-78
What is (11 - (-49 + (-28 - -42))) + 10 + -3?
53
4 - (31 - ((7 - (4 + -2)) + -9 + 8))
-23
Calculate (0 - 28) + -3 + 7 + -72 + 39 + 40.
-17
What is the value of 1 + 11 + 4 + (47 - 40)?
23
Calculate -36 - -3 - ((-15 - -57) + -93).
18
-3 - (-8 + 0 + 799 